 be (0/(-5) + 2)*(-1)/1. What is w(k)?
5
Let a(p) = -p - 5. Let q = -19 + 26. Give a(q).
-12
Let g(n) = 11*n**2. Let v = 70 + -71. Determine g(v).
11
Let y(n) = -2*n**3 - 7*n**2 + n. Let t(z) = z**3 + 6*z**2 - z + 1. Let g(o) = 3*t(o) + 2*y(o). Let p = -7 + 10. What is g(p)?
9
Let g(k) = 3*k + 8. Let t be (9/(-18))/((-2)/20). Let z(o) = -6*o - 17. Let w(n) = t*g(n) + 2*z(n). Give w(-6).
-12
Let d(r) = r**3 + r**2 + 5. Let t(m) = m**2 - 4. Let j be t(-2). Calculate d(j).
5
Suppose 0 = 3*z + s - 3*s + 8, 3*s = z + 5. Let b(n) = n - 1. Let d(g) = -3*g + 6. Let w(r) = -4*b(r) - d(r). Determine w(z).
0
Let f(y) = y**2 - 7*y - 7. Let g(n) be the third derivative of -n**5/12 + 7*n**4/6 + 14*n**3/3 - 2*n**2. Let s(z) = 9*f(z) + 2*g(z). Give s(-5).
3
Let j(c) = c + 5 + 3*c - 1. Calculate j(-4).
-12
Let v(c) = c**2 - c. Let i(b) = -b**2 - 4*b + 3. Let u(r) = -i(r) - 2*v(r). Suppose x = 3*y - 0*y - 4, 5*y + 5*x - 20 = 0. What is u(y)?
5
Let i(c) = -5*c**2 - 17*c - 20. Let p(l) = -2*l**2 - 6*l - 7. Let d(a) = 6*i(a) - 17*p(a). Suppose -g - 2*g - 3*o = 6, -2*o + 2 = -4*g. What is d(g)?
3
Suppose 0 = -5*i + g + 7, -2*i - 3*g + 8*g + 12 = 0. Let n(b) be the first derivative of -i + b - 3/2*b**2. What is n(2)?
-5
Let y(p) be the first derivative of p**3/6 - 3*p**2 - p + 2. Let w(x) be the first derivative of y(x). Calculate w(0).
-6
Let n(k) = 2*k**2 + k - 10. Let j(r) = r**2 - 5. Let g(y) = -13*j(y) + 6*n(y). Give g(6).
5
Let t(k) = -11*k**2 - 1. Suppose -x + 3*x - 1 = -3*w, x - 5*w = -6. Determine t(x).
-12
Let y(d) = 2*d**2. Let w be y(-1). Let u be 24/16 + 7/w. Let b(s) = -s**3 + 5*s**2 + s - 2. Calculate b(u).
3
Let u(p) = 3*p**2 - p + 2. Let i(o) = o**2 - o. Let b(t) = -4*i(t) + u(t). Calculate b(2).
4
Suppose -3*l + 15 = 2*l. Suppose -l*f + 3*d = -18, 4*d + 0*d + 15 = -5*f. Let t(z) = 9*z + 1. Determine t(f).
10
Let c(i) be the first derivative of -i**5/20 - 5*i**4/12 + 7*i**3/6 - 2*i**2 - 9*i + 9. Let y(p) be the first derivative of c(p). Determine y(-6).
-10
Let m(n) = -n + 4. Suppose -14 = -2*f - 8. Determine m(f).
1
Let g be 1/3 + (-32)/6. Let i(o) = -2*o**3 + 4*o**2 - 6*o + 10. Let d(a) = -a**3 + 4*a**2 - 6*a + 9. Let u(v) = 3*d(v) - 2*i(v). Give u(g).
12
Let c be (-4 + 3)/((-2)/(-10)). Let a(p) = p**3 + 4*p**2 - 5*p + 1. Give a(c).
1
Let n = 18 - 19. Let o(s) = -12*s + 1. What is o(n)?
13
Suppose -4*q = -0*q + 16. Let d(h) = h**2 + 9*h + 10. Let a be d(-8). Let w(f) = 3*f + 3*f**a - f**2 - f**2 - 1. What is w(q)?
3
Let f(t) = 2*t + 4. Let g(d) = -d - 2. Let y(c) = -3*f(c) - 7*g(c). Determine y(-4).
-2
Let b(h) = -3*h**2 + h + 1. Let v(n) = 9*n**3 - n**2. Let s be v(1). Suppose -4*x = -s - 0. What is b(x)?
-9
Let z(x) be the second derivative of 1/2*x**2 + 1/12*x**4 + 0 - 1/2*x**3 - 2*x. Calculate z(4).
5
Let t(v) = 1 - 29*v + 9*v + 9*v + 8*v. Give t(-1).
4
Let t(x) = -x**2 - x + 2. Suppose -5 = -2*z + 1. Let v = z + -1. Suppose 2*g - v = g. Determine t(g).
-4
Let s(v) = 7*v**2 - 7*v + 8. Let h(l) = 20*l**2 - 20*l + 23. Suppose -3*x + f + f + 18 = 0, 2*f = 0. Let z(g) = x*h(g) - 17*s(g). Let u = 0 - 0. Give z(u).
2
Let p be (-2)/4 + (-6)/(-4). Let o(w) = 4*w + p - 5*w - 6*w**2 + 3*w + w**2. Calculate o(-1).
-6
Suppose 2*y - 21 = -9. Let s(j) = j**3 - 5*j**2 - 8*j + 7. Calculate s(y).
-5
Let f(i) = -60*i + 119*i - 58*i - i**2. What is f(2)?
-2
Let m(g) be the second derivative of 0*g**2 + 0 + 1/30*g**5 - 1/360*g**6 + 1/2*g**3 - 1/8*g**4 - g. Let k(i) be the second derivative of m(i). Give k(3).
0
Let l(g) = -4*g - 3. Suppose b = 5*f + 2, 2*b - 5*f + 0 = -1. Determine l(b).
9
Let u(r) be the first derivative of r**2/2 + r + 3. Let f(x) = -4*x + 8*x + 0*x + 9. Let j(v) = -f(v) + 5*u(v). Give j(2).
-2
Suppose -d = -3*d - 2*t, -5*d + 15 = 2*t. Let a(l) = -2*l**3 - l**2 + 3*l - 7. Let v(z) = -2*z**3 + 2*z - 6. Let i(w) = d*v(w) - 4*a(w). Determine i(2).
-6
Let d(j) = j**2 + 2. Let v be (8/10)/((-4)/(-10)). Let p be d(v). Let u(n) = 2*n - 8. Calculate u(p).
4
Let h(o) = o**3 + 8*o - 13*o + 5*o. Calculate h(2).
8
Let c = 20 - 11. Suppose -t = 4*w - 10 - 1, 3*w + c = 5*t. Let h(v) = -18*v**2 - 7*v - 3. Let q(p) = -9*p**2 - 3*p - 1. Let l(r) = w*h(r) - 5*q(r). Give l(1).
9
Let k(y) = -3*y - 3. Let m be k(-2). Suppose -4*h - 4*r + 24 = 0, -h + m*r - 2 = -0. Let w(f) = -4*f - 1 + 3*f**2 + 6 - 2*f**2. What is w(h)?
5
Let m(s) = s**3 - 3*s - 4. Let p(o) = 3*o + 10. Let f(c) = -c - 3. Let r(l) = 7*f(l) + 2*p(l). Let v(z) = 2*m(z) - 7*r(z). Give v(1).
2
Let g(t) = 14*t + 35. Let c(u) = -9*u - 23. Let x(k) = -8*c(k) - 5*g(k). Let r be x(-7). Let n(s) = 0*s**2 + s**2 + 3*s - 5 + 1. Give n(r).
6
Let f(d) = -4*d + 4*d + d + 1 + 6*d**2. Suppose 3*j = -2*p - 13, -2*p - 10 = 5*j - p. Determine f(j).
6
Let x(b) = b**2 + 4*b - 9. Let l be x(-5). Let z(k) = -k + 7. Let a(s) = -1. Let i(h) = l*a(h) - z(h). Give i(3).
0
Suppose -8*l + 10 = -3*l. Let s(y) = y - y**l - y**3 + 3*y**2 + 4*y**2 - y**2 - 2. Calculate s(5).
3
Let y(t) = -5 + 1 - 2*t + 2 + 1. Give y(3).
-7
Suppose -h = -5*h + 12. Let n(o) = -3*o**h - 3*o + 2*o**3 - 5*o**2 + 7*o + 1 + 3*o. Calculate n(-6).
-5
Suppose 0*y = -4*y + 36. Let o(v) = -11*v**3 - v**2 + 17*v - 2. Let a(x) = 5*x**3 - 8*x + 1. Let q(g) = y*a(g) + 4*o(g). What is q(5)?
6
Let z be 10/4 - 4/8. Let f(g) = -4*g + 2. Give f(z).
-6
Let a(u) = -7*u**3 + 6*u**2 + u - 4. Let o(s) = 6*s**3 - 5*s**2 - s + 3. Let f(j) = -4*a(j) - 5*o(j). Give f(2).
-9
Let g(p) = p**3 + p**2 - p - 1. Suppose -150 = -5*b - 5*m, -3*b + 0*m = m - 80. Suppose 4*i = 20, b = -4*u + 4*i + 5. Determine g(u).
-1
Let s(h) = h + 3. Let p be s(4). Let w(g) = p - 2 - 4 - 5*g. Determine w(1).
-4
Let k(t) = 5*t**3 - t**2. Let m be k(-1). Let q(s) = -4*s + 5. Determine q(m).
29
Let f(u) = u**3 - 12*u**2 + 10*u - 11. Let z(k) = k**3 - 11*k**2 + 9*k - 9. Let w(m) = -4*f(m) + 5*z(m). What is w(6)?
-7
Let o(c) be the third derivative of -c**4/24 + c**3/6 - 2*c**2. Give o(-1).
2
Let c(y) be the third derivative of -y**7/1680 - y**6/240 + y**5/30 + y**2. Let i(p) be the third derivative of c(p). Calculate i(-3).
6
Let o(t) = 4*t**2 + 3*t + 2. Let c(x) = 6*x**2 + 4*x + 3. Let s(g) = 5*c(g) - 7*o(g). Determine s(1).
2
Let i(n) = n**3 + 4*n. Let l(f) = -2*f**3 - 11*f. Let y(u) = 8*i(u) + 3*l(u). What is y(2)?
14
Let m(k) = -1 + 4 + k**3 - 5*k + 0*k**2 - 3*k**2. Let l be (-2 - -5) + 1 + 0. Give m(l).
-1
Let x(t) = t**2 + t - 2. Suppose -26*b - 4 = -28*b. What is x(b)?
4
Let o(f) = -2 - 2 - f + 7 - 5. Calculate o(5).
-7
Let q(r) = 2*r + 1. Suppose 2*z + 2 = -0. Let s be -1 + z/(-1)*-1. What is q(s)?
-3
Let t(m) = -m**2 + m. Let w(z) be the third derivative of -z**5/15 + 5*z**4/12 - 5*z**3/6 + z**2. Let p(c) = 3*t(c) - w(c). Calculate p(5).
-5
Let d(x) = -x**2 + 3*x + 2. Let c = -2 + 4. Suppose -5*v - 11 = -2*s + 7, c*s + 3*v - 2 = 0. Determine d(s).
-2
Suppose 2*s - 3*j - 6 - 12 = 0, -j = -3*s + 13. Suppose -4 = -h - s. Let x(i) = h + 3 - i + 2*i. What is x(-3)?
1
Let m(u) = 5*u + 0*u - 5*u + u**2 - 1. Calculate m(1).
0
Let y(c) = -9*c**3 - 19*c**2 + 11*c - 8. Let b(n) = 5*n**3 + 10*n**2 - 6*n + 4. Let d(s) = -11*b(s) - 6*y(s). Suppose -13 = -3*i - 1. Give d(i).
4
Suppose -3*r + 4*t + 19 = 0, 2*r + 2*r = -2*t + 40. Let x(c) = -3*c - 11. Let b(v) = v + 5. Let q(w) = r*b(w) + 4*x(w). Calculate q(-1).
4
Suppose -1 = 3*m - 16. Suppose 0 = -4*r + 2*q + 136, r + q + 136 = m*r. Let v be r/(-8) - 3/(-12). Let o(g) = -g**2 - 3*g + 2. Give o(v).
-2
Suppose -r - 3 = -g, 5*g - 12 - 4 = 4*r. Suppose 2*w + 4*n = 10, -5*n + 20 + 12 = -g*w. Let s(d) = -d - 4. Determine s(w).
-1
Let h(d) be the first derivative of -d**3/3 + d**2 - d + 8. Calculate h(4).
-9
Let b(j) be the first derivative of 5*j + 5/3*j**3 + 5/2*j**2 + 1/4*j**4 - 5. Determine b(-4).
1
Let h(m) = -3*m + 3. Let g be h(1). Let k(r) = -r**3 - 2. Give k(g).
-2
Let f(c) = -5*c**2 + 2*c + 58 + 3*c**2 - 58. Suppose 5*x - 10 = -0. What is f(x)?
-4
Suppose 4*k + 20 = -k. Let t(n) = -n**2 - 2*n - 5. Determine t(k).
-13
Let i(q) = -4 - 4*q**2 + 3*q**2 + 2 - 3. Give i(0).
-5
Let n(s) = -s - 8. Let u(p) = -2*p - 9. Let c(h) = 3*n(h) - 2*u(h). Determine c(4).
-2
Let h = -84 - -77. Let t(k) = -k**2 - 9*k - 9. Determine t(h).
5
Suppose 2*v - 2 = -0*n + 2*n, -5*n - 23 = v. Let q(p) = 3*p - 7. Let m(x) = x - 1. Let j(h) = 4*m(h) - q(h). Determine j(v).
0
Let q(c) 